*4 - 3. Calculate u(-3).
4
Let x = -16 + 29. Suppose 23 = 3*m - 19. Let k(v) = -11*v**3 + m*v**3 - x*v**2 + v + 13*v**2. Determine k(1).
4
Let i(g) = g**3 - 10*g**2 - g - 1. Let f(z) be the first derivative of 3*z**4/4 - 7*z**3 - z**2 - 2*z + 37. Let x(d) = -2*f(d) + 5*i(d). Determine x(-8).
7
Let j(x) be the first derivative of -1/2*x**2 + 42 + x. Calculate j(-3).
4
Let p(w) be the second derivative of w**5/20 + w**4/4 + 3*w**3/2 + 452*w. What is p(-4)?
-52
Let r(v) = -4*v - 18. Let i = -5394 - -5392. Give r(i).
-10
Let k(w) = -4*w**3 - 28*w**2 - 197*w - 3. Let v(g) = -3*g**3 - 19*g**2 - 132*g - 2. Let d(h) = -5*k(h) + 7*v(h). What is d(-5)?
-4
Let x(a) = -a**3 + 17*a**2 + 17*a + 6. Suppose -129*t + 61*t = -44*t - 432. Determine x(t).
-12
Let t(d) = -d**2 + 9*d - 21. Let p(b) = -b**3 - 25*b**2 - 48*b - 39. Let g be p(-23). Let k be t(g). Let w(z) = 1 + 0 - 7*z + 3 - z**2. Give w(k).
4
Let l(n) = 2*n**3 + 8*n**2 - 16*n - 2. Suppose -5*g + 3*h = 34, -1021*g + 2*h = -1023*g - 4. Determine l(g).
28
Suppose 5*j + 4 = -1, m + 5*j = -2. Let c(k) = 3*k**2 - m*k**2 + k - 8*k - 2 - k**2 - 3. What is c(-5)?
5
Let n = 971693 + -971682. Let y(c) be the third derivative of -c**5/60 + 5*c**4/12 + 8*c**3/3 - c**2. Give y(n).
5
Let w(g) = g**2 + 10*g + 2. Let m(q) = q**3 - 44*q**2 + 127*q - 16. Let i be m(3). Give w(i).
-22
Suppose -4862 = -10*x - x. Let l be x/8 - (4 + 45/(-12)). Let r = 52 - l. Let d(g) = -4*g + 2. Calculate d(r).
14
Let z(k) = 6*k**3 - k. Let c be ((-14)/(-10))/((-22)/(-110)). Let u(d) = 3*d**2 - 22*d + 6. Let v be u(c). Give z(v).
-5
Let a(w) be the first derivative of 105 + 6*w + 1/2*w**2 - 5/3*w**3 - 1/4*w**4. Suppose 2*j + 0*j = -10. What is a(j)?
1
Let m(l) be the second derivative of 4*l**2 - 4*l + 1 - 1/2*l**3. Calculate m(0).
8
Let q = 5571 + -5566. Let k(p) = -p**3 + 2*p. Let x be k(3). Let f be (-7 + -2 + q)*x/12. Let a(i) = -i**2 + 9*i - 8. Calculate a(f).
6
Let b(g) = 105*g - 3417. Let j(z) = 8*z - 259. Let i(n) = 5*b(n) - 66*j(n). Let r = -3 + 9. Give i(r).
-9
Let h(f) be the second derivative of f**6/120 - f**5/12 - f**4/6 + 5*f**3/6 - 10*f**2 + 201*f. Let g(u) be the first derivative of h(u). Determine g(5).
-15
Let b(a) = -9*a + 198. Let i be b(21). Let f(x) = -x**2 + 6*x + 17. Calculate f(i).
-10
Let o(b) = -b**3 + 6*b**2 - b - 7. Let h be 372/5 - 3/(75/10). Suppose 7*k = h - 32. What is o(k)?
-13
Let d(p) = -2*p**3 + 1. Let s be -1 + (-33 - -34) + -44 + 0. Let y(r) = 2*r**3 + 89*r**2 + 45*r + 46. Let z be y(s). Calculate d(z).
-15
Let z(f) = -4475*f**2 + 20*f + 9 + 4 + 4474*f**2. Determine z(21).
-8
Let s(c) be the second derivative of -1/6*c**3 + 0 - 2*c**2 - 28*c. Suppose 0 = -5*i + x - 6*x - 55, 3*x = 2*i + 7. What is s(i)?
4
Suppose 5*p - f + 8 - 49 = 0, -3*f = -4*p + 46. Let q(z) = z**3 - 7*z**2 - 9*z - 10. Determine q(p).
-73
Let v(j) = -19058*j**2 + 1 + 12*j + 91*j**3 + 19068*j**2 - 185*j**3 + 95*j**3. Determine v(-9).
-26
Let v(l) = 3*l + 2. Let i(p) = -351*p - 14. Let x be i(1). Let n = x - -371. What is v(n)?
20
Let y(o) be the first derivative of -o**5/60 + o**4/12 - o**3/2 - 235*o**2/2 - 68. Let l(z) be the second derivative of y(z). Determine l(3).
-6
Let x(b) = 8*b + 21. Let m(i) = 49*i + 125. Let d(p) = -6*m(p) + 37*x(p). Calculate d(21).
69
Let g(o) = -3*o**3 - 2*o**2 + 17*o + 34. Let r(j) = 16*j**3 + 14*j**2 - 89*j - 186. Let i(d) = 11*g(d) + 2*r(d). Let u = 13 - 6. What is i(u)?
16
Suppose 4*v + 20 = 0, -23 = -2*a + v - 0*v. Let i(w) be the third derivative of -7*w**2 - 1/24*w**4 + 0*w + 0 + w**3. Give i(a).
-3
Let h(d) = -d**3 + 6*d**2 - 3*d - 5. Suppose 5*l - 83 = 817. Let n be (l/54)/((-4)/(-42)). Let z = n + -30. Give h(z).
5
Let b = -7 - -7. Suppose -4*o = 2*v - 50, -v - v + 3*o + 64 = b. Let m = -33 + v. Let s(f) = -2*f - 2. Give s(m).
6
Let w = -20 - -28. Suppose 0*b - 4*b + w = 0. Let n(h) = h + 3*h**3 - 2*h**b - 2*h**2 + h**3 + 2. What is n(2)?
20
Let d(b) = b**3 - 2*b**2 - 2*b. Let u be d(3). Let m(s) = 25*s - 21*s - u - 1. What is m(7)?
24
Let i(w) = 19*w**3 + 11*w**2 - 7*w - 39. Let a(p) = -35*p**3 - 22*p**2 + 13*p + 76. Let f(c) = -6*a(c) - 11*i(c). Calculate f(-10).
83
Let v(a) = -63 + 7*a**2 + 61 - a**2 + 4*a**3 + 12695*a - 12698*a. What is v(1)?
5
Let d(i) = 5*i - 29. Let h be d(7). Let n(s) be the second derivative of 1 - 8*s + 5/12*s**4 - 1/20*s**5 + 5/2*s**2 + 1/6*s**3. Give n(h).
-25
Suppose 5*f - 30 = -d, 5*f + 14 = 4*d + 19. Suppose 16*h - 21*h = -3*m, f*m + 4*h = 0. Let i(w) = w**2 + w - 8. Give i(m).
-8
Let d(v) = -9*v + 14. Let t be 1/2*10 - 12/(-108)*-9. Give d(t).
-22
Let v(w) = 2*w**2 + 8*w - 14. Let q be v(-6). Let p(m) = 21 + 38*m - q - 9 - 51*m. Determine p(1).
-11
Let l(k) be the second derivative of 4*k**3/3 + 57*k**2/2 + 16*k - 86. Calculate l(-8).
-7
Let g = 33 + -19. Suppose 5*p - 1 = 5*w + 19, 3*w - p + g = 0. Let j(k) = -2 - 3*k - k**2 + 10 - 1. Determine j(w).
-3
Let r = 162 + -43. Let g be (4/(-10))/((r/(-70))/17). Let z(d) be the second derivative of d**3/6 - 3*d**2/2 + 3*d. Determine z(g).
1
Let x(j) = -j**3 + 16*j**2 - 13*j - 18. Let i = -548 - -563. What is x(i)?
12
Let g(f) = -4*f - 2 + f + 5*f. Let x(o) = -o**3 - 25*o**2 - 25*o. Let d be x(-24). Suppose h = -3*h + d. What is g(h)?
10
Let t = -304 - -306. Let z(w) = 2*w**2 + 491 - 2*w**3 + w**2 - 3*w**t + 4*w**2 - 494. Determine z(3).
-21
Let g(n) be the first derivative of -1/3*n**3 + 6 - n**2 - n. Let z be -4*(-18)/(-24) - -2. Give g(z).
0
Let z(m) be the third derivative of -m**6/120 - 11*m**5/30 + 11*m**4/12 - 11*m**3/2 - 47*m**2 - 4. Calculate z(-23).
-10
Let q(x) = 0*x**2 - 3*x**2 + 24 - 5*x**2 + 10*x**2 - 15*x - 5*x**2. What is q(-7)?
-18
Let b = -606 + 1256. Let c(l) = -656*l + 1961*l - 651*l - b*l + 2 - 2*l**2. Calculate c(3).
-4
Let u(d) be the second derivative of -d**5/20 - 5*d**4/12 + 2*d**3/3 + 2*d**2 + 226*d - 1. Calculate u(3).
-56
Let h = -77 - -25. Let d be (-121)/(-17) - h/(-442). Let l(f) = f**3 - 7*f**2 + 4*f + 2. Determine l(d).
30
Suppose -29*q + 297 = -18*q. Let t(w) = -1 + q*w**3 - 26*w**3 + w**2 + 3*w + 3*w**2. Calculate t(-4).
-13
Let n(a) be the second derivative of 1/3*a**3 - 1/6*a**4 + 8 - 2*a**2 - 2*a. Give n(2).
-8
Let p(h) be the third derivative of -1/12*h**4 - 2*h + 0 - 49*h**2 + 4/3*h**3. What is p(6)?
-4
Let j(h) = 43*h - 2. Let d(m) = 118*m - 9. Let w(v) = -4*d(v) + 11*j(v). Determine w(-3).
11
Let o(r) = r + 21. Suppose 45*c + 2412 = -12*c - 144*c. What is o(c)?
9
Let s(p) = 50*p - 22. Let w(j) = 4*j - 2. Suppose 0 = -171*k + 160*k - 11. Let a(n) = k*s(n) + 12*w(n). Determine a(-4).
6
Let r = 102 - 94. Let n be (-46 + 45)*(r + -1). Let l(p) = 11*p**2 + p + 1. Let m(h) = -5*h**2 - 1. Let x(j) = -6*l(j) - 13*m(j). Give x(n).
0
Let x(s) = -s**2 + 5*s + 4. Let f(v) = 35*v - 85. Let r be f(-7). Let u be 189/33 + (-90)/r. Determine x(u).
-2
Let p(x) = -8*x + 34. Let t be (-1)/(8/(-4)) - 117/(-26). What is p(t)?
-6
Suppose 24*q = 25*q - 2. Let n(x) = -6*x - 4*x + 5 - x**2 + 3*x + 2*x**q. Calculate n(7).
5
Let y(m) = m**3 - 29*m**2 - 6*m + 14. Let a(o) = 5*o**2 - 1. Let v(c) = -4*a(c) - y(c). Calculate v(8).
102
Let p(n) = -n**2 - 2*n - 1. Let x(b) = -b. Let g be 138*10/(-25)*10/(-8). Let a = g + -70. Let i(v) = a*p(v) - 4*x(v). Give i(-5).
-4
Let v(h) = h**3 - 7*h**2 - 17*h - 3. Suppose 3*r + 63 = 4*n, -26 = -2*n + 3*r + 19. Determine v(n).
6
Let y(p) be the first derivative of 10*p**2 - 3*p + 1168. Suppose -3 - 21 = -3*c. Let s(r) = 7*r - 1. Let k(i) = c*s(i) - 3*y(i). Calculate k(-1).
5
Let k(t) = 8*t + 51. Let b be (-30)/(-12)*(-648)/180. What is k(b)?
-21
Let l(i) = 110*i - 10 - 149*i + 36*i. Let v(g) = -g**2 - 4*g - 4. Let x be v(-4). Give l(x).
2
Let t(u) = 2*u**3 + u - 2. Let d(n) = -13*n**3 - 7*n + 11. Let l(k) = d(k) + 5*t(k). Let a be ((-2)/(-3))/((-16)/(-24)). Give l(a).
-4
Suppose 0 = -4*i - 16, -4*k - 14*i + 13*i = 0. Let r = -18 - -45. Let l(c) = -3 - 26*c + 5*c**2 - 2 + r*c + 4. Determine l(k).
5
Suppose -5*r + c = -2*r - 47, 4*r - 41 = -3*c. Let h be -9*(r/(-77) + (-18)/22). Let i(t) = -t**3 + 9*t**2 - 3*t + 17. Give i(h).
-10
Let m(s) = s**3 + 15*s**2 + 15*s + 18. Let p(h) = 1. Let v(u) = -m(u) + 4*p(u). Let t be v(-14). Suppose t = 14*z - 10*z. Let o(r) = -r**2 + r. Calculate o(z).
0
Let l be (106 + -103)/(1 - 0). Let a(u) be the third derivative of -7*u**